4458 is divided by 443?
441
Calculate the remainder when 119560 is divided by 29715.
700
Calculate the remainder when 63351934 is divided by 45.
34
What is the remainder when 7468177 is divided by 838?
759
Calculate the remainder when 104452 is divided by 1714.
1612
What is the remainder when 10960 is divided by 5312?
336
What is the remainder when 4201680 is divided by 51240?
0
What is the remainder when 25523207 is divided by 73?
71
What is the remainder when 1745380 is divided by 83079?
721
Calculate the remainder when 770077570 is divided by 4.
2
Calculate the remainder when 22493 is divided by 22479.
14
What is the remainder when 87316 is divided by 29091?
43
What is the remainder when 2338997 is divided by 64963?
329
What is the remainder when 525212 is divided by 57?
14
Calculate the remainder when 465130 is divided by 232555.
20
What is the remainder when 21525029 is divided by 1400?
29
What is the remainder when 10709573 is divided by 998?
35
Calculate the remainder when 516561 is divided by 108.
105
Calculate the remainder when 1080969 is divided by 17432.
185
What is the remainder when 20491071 is divided by 42?
27
Calculate the remainder when 99195043 is divided by 9003.
8992
Calculate the remainder when 6396004 is divided by 376235.
9
What is the remainder when 11022358 is divided by 7043?
63
Calculate the remainder when 178115 is divided by 59211.
482
Calculate the remainder when 244970 is divided by 18497.
4509
What is the remainder when 1370848 is divided by 342546?
664
Calculate the remainder when 12750625 is divided by 22.
19
What is the remainder when 5134383 is divided by 1433?
1377
Calculate the remainder when 454090 is divided by 199.
171
Calculate the remainder when 10568737 is divided by 10568737.
0
What is the remainder when 199502 is divided by 915?
32
What is the remainder when 247588 is divided by 4756?
276
Calculate the remainder when 340032 is divided by 4144.
224
What is the remainder when 1788520 is divided by 2344?
48
Calculate the remainder when 650 is divided by 3.
2
What is the remainder when 200713 is divided by 947?
896
Calculate the remainder when 300682498 is divided by 188.
186
What is the remainder when 952535 is divided by 21?
17
What is the remainder when 7570386 is divided by 6670?
6606
What is the remainder when 38815237 is divided by 4?
1
Calculate the remainder when 3186147 is divided by 75.
72
What is the remainder when 199860 is divided by 66552?
204
Calculate the remainder when 171594420 is divided by 2721.
2718
What is the remainder when 579401 is divided by 701?
375
Calculate the remainder when 357563 is divided by 2100.
563
What is the remainder when 212424 is divided by 127?
80
Calculate the remainder when 80896257 is divided by 8089625.
7
What is the remainder when 54515932 is divided by 1567?
2
Calculate the remainder when 941793 is divided by 27681.
639
What is the remainder when 1162924 is divided by 8019?
169
What is the remainder when 210931762 is divided by 451674?
4
What is the remainder when 211000121 is divided by 97?
95
Calculate the remainder when 189814 is divided by 189731.
83
What is the remainder when 5617513 is divided by 6801?
6688
What is the remainder when 31023 is divided by 31?
23
What is the remainder when 4394736 is divided by 1317?
1224
Calculate the remainder when 2743363 is divided by 2743348.
15
What is the remainder when 10713426 is divided by 34?
26
Calculate the remainder when 516113 is divided by 878.
727
What is the remainder when 74372127 is divided by 16?
15
Calculate the remainder when 3484230 is divided by 2367.
6
What is the remainder when 83321076 is divided by 26?
20
Calculate the remainder when 762886 is divided by 178.
156
What is the remainder when 30201165 is divided by 3020116?
5
Calculate the remainder when 555977 is divided by 123.
17
What is the remainder when 4232167 is divided by 1069?
1065
What is the remainder when 3080600 is divided by 282?
32
What is the remainder when 69573 is divided by 9933?
42
Calculate the remainder when 367316 is divided by 11470.
276
What is the remainder when 1565649 is divided by 259?
253
Calculate the remainder when 68729260 is divided by 314.
312
Calculate the remainder when 127326118 is divided by 68308.
6
Calculate the remainder when 715251 is divided by 71490.
351
Calculate the remainder when 207099 is divided by 746.
457
What is the remainder when 60003672 is divided by 5311?
5305
What is the remainder when 4460888 is divided by 2024?
2016
What is the remainder when 63606 is divided by 4005?
3531
Calculate the remainder when 40896794 is divided by 20448364.
66
Calculate the remainder when 2940620 is divided by 2635.
2595
Calculate the remainder when 73267 is divided by 3422.
1405
Calculate the remainder when 64623902 is divided by 266.
0
Calculate the remainder when 4037860 is divided by 201878.
300
Calculate the remainder when 672658 is divided by 5094.
250
What is the remainder when 16076802 is divided by 186?
78
What is the remainder when 161253 is divided by 1920?
1893
Calculate the remainder when 12464051 is divided by 1728.
1715
What is the remainder when 983094 is divided by 276?
258
Calculate the remainder when 2714833 is divided by 777.
772
What is the remainder when 1813183 is divided by 111?
109
Calculate the remainder when 144290 is divided by 6267.
149
Calculate the remainder when 1154570 is divided by 28.
18
Calculate the remainder when 582011 is divided by 1477.
73
What is the remainder when 9050138 is divided by 1414?
538
Calculate the remainder when 1280141 is divided by 2545.
6
What is the remainder when 227041797 is divided by 136?
133
What is the remainder when 8686897 is divided by 5954?
11
What is the remainder when 169566933 is divided by 40?
13
What is the remainder when 34269 is divided by 7552?
4061
Calculate the remainder when 258782 is divided by 4783.
500
Calculate the remainder when 466150229 is divided by 13494.
13493
Calculate the remainder when 1273057 is divided by 50920.
57
Calculate the remainder when 1238116 is divided by 1142.
188
What is the remainder when 403898900 is divided by 22?
20
What is the remainder when 262554 is divided by 19417?
10133
Calculate the remainder when 901263 is divided by 2012.
1899
What is the remainder when 1010430 is divided by 1512?
414
Calculate the remainder when 59146 is divided by 14755.
126
Calculate the remainder when 1601277 is divided by 3944.
13
What is the remainder when 280646 is divided by 93472?
230
What is the remainder when 167166933 is divided by 54?
51
What is the remainder when 3122172 is divided by 767?
482
What is the remainder when 2766409 is divided by 22490?
139
Calculate the remainder when 2977319 is divided by 2417.
1992
Calculate the remainder when 1418953 is divided by 2120.
673
Calculate the remainder when 55513 is divided by 289.
25
What is the remainder when 266579 is divided by 20227?
3628
Calculate the remainder when 63434 is divided by 12176.
2554
Calculate the remainder when 54388 is divided by 836.
48
Calculate the remainder when 4277443 is divided by 60.
43
Calculate the remainder when 7338029 is divided by 5684.
5669
What is the remainder when 22717 is divided by 521?
314
Calculate the remainder when 99077 is divided by 11772.
4901
What is the remainder when 81393287 is divided by 366?
11
What is the remainder when 147929 is divided by 1254?
1211
Calculate the remainder when 462368 is divided by 92465.
43
What is the remainder when 329009 is divided by 814?
153
What is the remainder when 307917 is divided by 4?
1
Calculate the remainder when 7337586 is divided by 1642.
1130
Calculate the remainder when 4066825 is divided by 84.
49
What is the remainder when 148088132 is divided by 49362709?
5
What is the remainder when 21191 is divided by 459?
77
What is the remainder when 177798070 is divided by 1091?
1073
What is the remainder when 746585 is divided by 316?
193
Calculate the remainder when 771015 is divided by 745.
685
Calculate the remainder when 1202244 is divided by 1202231.
13
What is the remainder when 15766026 is divided by 1387?
1384
What is the remainder when 82428531 is divided by 164?
163
What is the remainder when 110302 is divided by 18328?
334
What is the remainder when 15226 is divi